y 1498.
1025
What is the remainder when 27285661 is divided by 106?
95
Calculate the remainder when 5705861 is divided by 518713.
18
What is the remainder when 9128085 is divided by 52460?
45
Calculate the remainder when 290157 is divided by 13.
10
Calculate the remainder when 325359 is divided by 1350.
9
What is the remainder when 7094006 is divided by 21?
17
What is the remainder when 972652 is divided by 97265?
2
What is the remainder when 114520 is divided by 146?
56
Calculate the remainder when 91403574 is divided by 5077976.
6
What is the remainder when 42194053 is divided by 47?
38
Calculate the remainder when 25504 is divided by 25412.
92
Calculate the remainder when 21012018 is divided by 3001707.
69
Calculate the remainder when 1336324 is divided by 715.
704
Calculate the remainder when 5613233 is divided by 342.
329
What is the remainder when 28758673 is divided by 2614424?
9
Calculate the remainder when 52912023 is divided by 3443.
3442
Calculate the remainder when 44455 is divided by 3814.
2501
What is the remainder when 752883 is divided by 250922?
117
What is the remainder when 35795 is divided by 1292?
911
What is the remainder when 6261772 is divided by 456?
436
What is the remainder when 111406715 is divided by 373848?
11
Calculate the remainder when 34973690 is divided by 19.
10
Calculate the remainder when 1586984 is divided by 14.
0
What is the remainder when 1453497 is divided by 3396?
9
What is the remainder when 1354412 is divided by 609?
605
Calculate the remainder when 520848 is divided by 57.
39
What is the remainder when 969484629 is divided by 13?
9
What is the remainder when 21643 is divided by 2362?
385
What is the remainder when 52624 is divided by 375?
124
Calculate the remainder when 407164 is divided by 5655.
4
Calculate the remainder when 1616148 is divided by 24784.
5188
Calculate the remainder when 6135812 is divided by 102.
2
Calculate the remainder when 633157 is divided by 30116.
721
Calculate the remainder when 12268671 is divided by 56278.
67
What is the remainder when 5746749 is divided by 213?
9
What is the remainder when 22988600 is divided by 999503?
31
What is the remainder when 6641022 is divided by 4997?
9
What is the remainder when 131895 is divided by 13693?
8658
What is the remainder when 8825957 is divided by 11?
8
What is the remainder when 296330 is divided by 32919?
59
Calculate the remainder when 159770 is divided by 512.
26
What is the remainder when 148953 is divided by 814?
805
Calculate the remainder when 407409 is divided by 222.
39
What is the remainder when 358498 is divided by 75?
73
Calculate the remainder when 2041199 is divided by 4034.
4029
Calculate the remainder when 6638504 is divided by 4.
0
Calculate the remainder when 632653 is divided by 5912.
69
Calculate the remainder when 360855480 is divided by 4516.
4500
Calculate the remainder when 1819071 is divided by 3998.
3979
Calculate the remainder when 2494978 is divided by 30.
28
Calculate the remainder when 2486422 is divided by 2946.
2944
Calculate the remainder when 3593377 is divided by 171113.
4
What is the remainder when 297136 is divided by 74262?
88
What is the remainder when 3042615 is divided by 108658?
191
What is the remainder when 929226771 is divided by 42?
39
Calculate the remainder when 61921 is divided by 54.
37
What is the remainder when 30899241 is divided by 2809020?
21
What is the remainder when 1804651 is divided by 26?
17
Calculate the remainder when 3592616 is divided by 1001.
27
What is the remainder when 65012 is divided by 64656?
356
What is the remainder when 14464666 is divided by 222533?
21
What is the remainder when 190879 is divided by 95125?
629
Calculate the remainder when 355533 is divided by 519.
18
Calculate the remainder when 12631548 is divided by 524.
4
What is the remainder when 1562506 is divided by 4?
2
Calculate the remainder when 341820 is divided by 9493.
72
Calculate the remainder when 782003 is divided by 82.
51
What is the remainder when 189307 is divided by 4516?
4151
Calculate the remainder when 3290306 is divided by 7001.
6837
Calculate the remainder when 10432 is divided by 2065.
107
Calculate the remainder when 7725325 is divided by 3862630.
65
What is the remainder when 280449 is divided by 210?
99
Calculate the remainder when 20582160 is divided by 6501.
6495
Calculate the remainder when 404448515 is divided by 11.
9
Calculate the remainder when 15912771 is divided by 25099.
5
What is the remainder when 1498195 is divided by 499341?
172
Calculate the remainder when 1821082 is divided by 607023.
13
Calculate the remainder when 893833 is divided by 2134.
1821
What is the remainder when 395989 is divided by 859?
849
What is the remainder when 1443202 is divided by 31?
28
What is the remainder when 4037704 is divided by 244?
236
What is the remainder when 35378959 is divided by 2162?
2153
What is the remainder when 79741 is divided by 1247?
1180
Calculate the remainder when 2035383 is divided by 23.
21
Calculate the remainder when 29002 is divided by 214.
112
Calculate the remainder when 1129313 is divided by 8365.
38
Calculate the remainder when 613594 is divided by 65.
59
What is the remainder when 159551 is divided by 39805?
331
Calculate the remainder when 18366 is divided by 1299.
180
What is the remainder when 54202142 is divided by 16?
14
What is the remainder when 23299951 is divided by 188?
171
Calculate the remainder when 125278436 is divided by 1132.
1128
What is the remainder when 24561 is divided by 4080?
81
Calculate the remainder when 12388528 is divided by 69.
61
What is the remainder when 3116587 is divided by 8?
3
What is the remainder when 42200 is divided by 228?
20
Calculate the remainder when 691463109 is divided by 1644.
1641
Calculate the remainder when 906847 is divided by 47653.
1440
Calculate the remainder when 114066 is divided by 1070.
646
Calculate the remainder when 12281211 is divided by 690.
591
What is the remainder when 15978323 is divided by 15528?
11
Calculate the remainder when 217047800 is divided by 10.
0
What is the remainder when 196895 is divided by 217?
76
Calculate the remainder when 27832693 is divided by 4198.
4151
Calculate the remainder when 9907202 is divided by 1354.
1338
What is the remainder when 57595241 is divided by 2914?
31
What is the remainder when 21965997 is divided by 500?
497
What is the remainder when 5240266 is divided by 1089?
1087
Calculate the remainder when 1345285 is divided by 269055.
10
Calculate the remainder when 13376764 is divided by 2675352.
4
What is the remainder when 2057596 is divided by 11?
2
Calculate the remainder when 25885130 is divided by 4314187.
8
What is the remainder when 175081154 is divided by 79?
11
What is the remainder when 12054743 is divided by 636?
635
Calculate the remainder when 3771689 is divided by 13865.
409
Calculate the remainder when 135519 is divided by 4803.
1035
Calculate the remainder when 290460 is divided by 894.
804
What is the remainder when 22581 is divided by 3073?
1070
Calculate the remainder when 1482576 is divided by 2467.
2376
What is the remainder when 4575287 is divided by 326806?
3
What is the remainder when 10095232 is divided by 48?
16
What is the remainder when 1011759 is divided by 4251?
21
What is the remainder when 7754087 is divided by 241?
153
Calculate the remainder when 505846 is divided by 359.
15
What is the remainder when 122943 is divided by 539?
51
Calculate the remainder when 385492733 is divided by 256.
253
What is the remainder when 107941 is divided by 233?
62
Calculate the remainder when 1220288 is divided by 3244.
544
What is the remainder when 91636976 is divided by 320409?
2
Calculate the remainder when 1281547 is divided by 5363.
5153
Calculate the remainder when 182490169 is divided by 60830046.
31
Calculate the remainder when 25050195 is divided by 50915.
15
Calculate the remainder when 115670 is divided by 57809.
52
Calculate the remainder when 560098 is divided by 35006.
2
Calculate the remainder when 530331 is divided by 175700.
3231
Calculate the remainder when 514541 is divided by 732.
677
What is the remainder when 480292 is divided by 20881?
29
What is the remainder when 17132062 is divided by 2855341?
16
What 